2 is divided by 639?
427
What is the remainder when 3234017 is divided by 545?
532
Calculate the remainder when 37147 is divided by 4077.
454
Calculate the remainder when 123145574 is divided by 676.
6
Calculate the remainder when 417457 is divided by 23192.
1
What is the remainder when 6704788 is divided by 11064?
4
What is the remainder when 9803382 is divided by 38?
28
Calculate the remainder when 52718 is divided by 26357.
4
Calculate the remainder when 61822321 is divided by 26285.
1
Calculate the remainder when 323485 is divided by 2888.
29
Calculate the remainder when 17448065 is divided by 467.
11
Calculate the remainder when 297955 is divided by 1068.
1051
Calculate the remainder when 79695 is divided by 26352.
639
What is the remainder when 940391 is divided by 223?
0
Calculate the remainder when 50854 is divided by 25272.
310
What is the remainder when 27811325 is divided by 111692?
17
Calculate the remainder when 460238 is divided by 14220.
5198
Calculate the remainder when 1113014 is divided by 5355.
4529
Calculate the remainder when 1507006 is divided by 35881.
4
Calculate the remainder when 19321290 is divided by 16904.
18
What is the remainder when 14437362 is divided by 459?
435
What is the remainder when 743786 is divided by 253?
219
What is the remainder when 96428172 is divided by 1769?
1751
What is the remainder when 88689 is divided by 396?
381
What is the remainder when 1031158 is divided by 17475?
133
What is the remainder when 3197043 is divided by 127880?
43
Calculate the remainder when 10549304 is divided by 294.
290
Calculate the remainder when 1214061 is divided by 57801.
240
Calculate the remainder when 23496972 is divided by 23496861.
111
What is the remainder when 195861501 is divided by 87127?
5
Calculate the remainder when 114918 is divided by 56823.
1272
Calculate the remainder when 902176 is divided by 150361.
10
Calculate the remainder when 900087048 is divided by 842.
836
Calculate the remainder when 1200341 is divided by 599739.
863
Calculate the remainder when 1981603 is divided by 889.
22
Calculate the remainder when 41536 is divided by 1374.
316
What is the remainder when 150475139 is divided by 51?
47
Calculate the remainder when 27266 is divided by 505.
501
Calculate the remainder when 9552441 is divided by 70238.
73
Calculate the remainder when 669923 is divided by 21562.
1501
What is the remainder when 428965 is divided by 141860?
3385
What is the remainder when 27904298 is divided by 27904257?
41
What is the remainder when 23965273 is divided by 34?
33
What is the remainder when 644383 is divided by 71597?
10
What is the remainder when 4612882 is divided by 18?
4
Calculate the remainder when 392263 is divided by 20642.
65
Calculate the remainder when 71870835 is divided by 7339.
8
What is the remainder when 63701082 is divided by 3867?
3858
Calculate the remainder when 118476 is divided by 443.
195
Calculate the remainder when 49121 is divided by 2054.
1879
Calculate the remainder when 586595 is divided by 453.
413
What is the remainder when 5497581 is divided by 383?
382
Calculate the remainder when 7525123 is divided by 836124.
7
Calculate the remainder when 194897 is divided by 4056.
209
Calculate the remainder when 2917281 is divided by 177.
144
Calculate the remainder when 53701 is divided by 53613.
88
What is the remainder when 115868 is divided by 6203?
4214
Calculate the remainder when 49251 is divided by 3517.
13
Calculate the remainder when 573830 is divided by 573312.
518
What is the remainder when 23485 is divided by 4267?
2150
Calculate the remainder when 102406699 is divided by 2914.
2911
What is the remainder when 454046 is divided by 1844?
422
What is the remainder when 3992731 is divided by 535?
26
What is the remainder when 56383696 is divided by 408577?
70
What is the remainder when 1573694 is divided by 131133?
98
Calculate the remainder when 2823419 is divided by 940905.
704
What is the remainder when 460420 is divided by 161?
121
What is the remainder when 76433310 is divided by 339?
336
What is the remainder when 76704318 is divided by 25568104?
6
What is the remainder when 586312 is divided by 5243?
4339
What is the remainder when 474246 is divided by 114?
6
What is the remainder when 838628 is divided by 4176?
3428
Calculate the remainder when 170511 is divided by 2134.
1925
What is the remainder when 30951 is divided by 6975?
3051
Calculate the remainder when 410380 is divided by 3984.
28
What is the remainder when 208830 is divided by 104121?
588
Calculate the remainder when 345959 is divided by 6527.
28
What is the remainder when 195405 is divided by 195?
15
Calculate the remainder when 226841 is divided by 288.
185
Calculate the remainder when 36959 is divided by 35694.
1265
What is the remainder when 19354 is divided by 4790?
194
What is the remainder when 721370 is divided by 995?
990
What is the remainder when 26983 is divided by 391?
4
Calculate the remainder when 28413247 is divided by 33.
16
Calculate the remainder when 939226300 is divided by 126.
124
Calculate the remainder when 203250 is divided by 6324.
882
What is the remainder when 45868 is divided by 3056?
28
Calculate the remainder when 170882 is divided by 2628.
62
What is the remainder when 1372519 is divided by 9734?
25
What is the remainder when 58693 is divided by 8365?
138
Calculate the remainder when 217749 is divided by 258.
255
Calculate the remainder when 13837957 is divided by 864872.
5
What is the remainder when 1257584 is divided by 28581?
20
Calculate the remainder when 102983 is divided by 296.
271
Calculate the remainder when 2107832 is divided by 6543.
986
What is the remainder when 120520 is divided by 19568?
3112
What is the remainder when 341498 is divided by 16168?
1970
What is the remainder when 3988510 is divided by 2595?
2590
Calculate the remainder when 1007600 is divided by 335825.
125
What is the remainder when 3015922 is divided by 502646?
46
Calculate the remainder when 9208763 is divided by 3069557.
92
What is the remainder when 79375 is divided by 770?
65
Calculate the remainder when 19496 is divided by 1742.
334
What is the remainder when 15313439 is divided by 130?
89
What is the remainder when 9691388 is divided by 323045?
38
What is the remainder when 41159 is divided by 841?
791
What is the remainder when 1082742 is divided by 1480?
862
Calculate the remainder when 542013 is divided by 5163.
5061
What is the remainder when 3932286 is divided by 661?
658
What is the remainder when 303867 is divided by 4820?
207
Calculate the remainder when 136475 is divided by 45030.
1385
Calculate the remainder when 82466 is divided by 261.
251
What is the remainder when 1100384 is divided by 1745?
1034
What is the remainder when 971146 is divided by 406?
400
Calculate the remainder when 108554 is divided by 108552.
2
What is the remainder when 722498 is divided by 2937?
2933
Calculate the remainder when 9216896 is divided by 44.
40
Calculate the remainder when 2177713 is divided by 169.
148
Calculate the remainder when 14611575 is divided by 59.
48
Calculate the remainder when 1134709 is divided by 226932.
49
What is the remainder when 3362476 is divided by 480058?
2070
Calculate the remainder when 1764128 is divided by 1271.
1251
Calculate the remainder when 34903 is divided by 448.
407
What is the remainder when 63685 is divided by 15646?
1101
Calculate the remainder when 170803 is divided by 1088.
1075
What is the remainder when 18246502 is divided by 2031?
2029
What is the remainder when 18487829 is divided by 15788?
81
What is the remainder when 133865929 is divided by 35?
29
What is the remainder when 19723306 is divided by 2067?
2059
Calculate the remainder when 72698 is divided by 36317.
64
Calculate the remainder when 1055478 is divided by 131804.
1046
What is the remainder when 2008976 is divided by 1004465?
46
Calculate the remainder when 107124481 is divided by 3282.
1
What is the remainder when 33068027 is divided by 501?
23
What is the remainder when 36296 is divided by 307?
70
What is the remainder when 1437701 is divided by 279?
14
Calculate the remainder when 2353449 is divided by 243.
237
Calculate the remainder when 163415389 is divided by 49.
46
Calculate the r